) = 5*g**2 + 4. Let w be n(2). Calculate the greatest common factor of 3 and w.
3
Suppose -10*f = -2*f - 296. Calculate the highest common factor of f and 259.
37
Let q = 124 - 114. Calculate the greatest common factor of q and 20.
10
Let m be 6/2*(-60)/(-9). What is the highest common factor of m and 4?
4
Suppose -5*j + 10 + 15 = 0. Suppose -2*w + j = -w. Suppose -w*g + 16 = -4*g. What is the greatest common factor of 16 and g?
16
Suppose -5*d - 4*k = -0*k - 880, -2*k - 10 = 0. What is the greatest common factor of 20 and d?
20
Let y(w) = w**3 - 6*w**2 - 8*w + 9. Let o be y(7). Calculate the highest common factor of 10 and o.
2
Let a = 9 + 9. Let w be (1 + -3)/(3/9). Let y(l) = l**2 + 4*l. Let h be y(w). Calculate the greatest common divisor of h and a.
6
Suppose 5*l + 79 = c, 99 = 2*c - c - l. Calculate the highest common divisor of c and 13.
13
Suppose 2*b = a + 4*b - 15, 1 = -b. Suppose -4*i - 84 = 2*f - 0*i, -5*f - 2*i = 218. Let t = -27 - f. Calculate the highest common divisor of t and a.
17
Let q be (-3 + (-3)/(-5))/(12/(-40)). What is the greatest common factor of q and 40?
8
Let f be ((-18)/(-3))/(3/8). Suppose c = 3*v - f, -v = 5*c - 29 - 3. Calculate the highest common divisor of 56 and v.
7
Suppose 4*r + 5*j - 33 = 0, 3 = 3*r - j + 2. Suppose r*h + 43 = 143. What is the greatest common divisor of h and 10?
10
Let m(p) = -p**3 + 9*p**2 - p + 15. Let y be m(9). Suppose -5*b + 36 = -2*b. Suppose -d + b + 42 = 0. Calculate the highest common divisor of d and y.
6
Let m = 11 - 3. Let v = 1 + m. Let t = 20 - 11. Calculate the highest common factor of v and t.
9
Let n(q) = 0*q + q - 4*q. Let s be n(-3). Suppose 4 = -5*a + s, -3*a = 2*y - 25. Calculate the greatest common divisor of 11 and y.
11
Let f be ((-4)/12)/(3/(-729)). What is the highest common factor of f and 9?
9
Suppose 0 + 16 = 2*u. Let h = -4 + 5. Let r be ((-32)/20)/(h/(-35)). Calculate the greatest common divisor of r and u.
8
Let y(q) = -q**3 + 3*q**2 + 6*q - 6. Let x be y(4). Suppose x*d - 140 = -5*h, -5*h + 4*d + 1 = -139. What is the greatest common divisor of h and 70?
14
Let q = 12 + 12. Let n = -12 + q. What is the highest common factor of 108 and n?
12
Let q be (-1 - -4)/3*3. Suppose -q*x = -4*a + 563 - 131, 432 = 4*a + 3*x. Calculate the greatest common divisor of a and 12.
12
Let z be (0 - -3)/(-12 + 13). Suppose -l = -m - 13, 2*l - z*m + 25 = 3*l. What is the greatest common factor of 32 and l?
16
Let r = -45 - 10. Let d be (99/r)/(1/(-5)). Calculate the highest common divisor of 6 and d.
3
Let o = -3 + 9. Let t = -2 + o. Calculate the highest common divisor of 16 and t.
4
Let o be (5/15)/(1/(-141)). Let z = -17 - o. What is the greatest common factor of z and 12?
6
Suppose -3*l + 41 + 19 = 0. What is the greatest common factor of l and 10?
10
Let i(g) = -g + 54. Let j be i(14). What is the greatest common factor of 40 and j?
40
Let i be (-1)/(1 + 27/(-24)). Let x = i + -4. Suppose x*w - 33 = -3*d, 0*w = 3*w - 2*d - 29. Calculate the greatest common factor of 72 and w.
9
Let k = -8 - -16. Calculate the greatest common divisor of k and 72.
8
Suppose 5*p - a - 92 = 0, -2*p + 9 + 14 = -5*a. Suppose 5*k = 2*y - 0*k - 152, 4*k = -4*y + 304. What is the greatest common divisor of p and y?
19
Suppose 0 = 2*s + 14 - 50. What is the greatest common factor of s and 45?
9
Let i be 38/((-5 + -1)/(-3)). What is the highest common divisor of i and 19?
19
Let z(j) = -j**2 - 24*j - 35. Let d be z(-19). What is the greatest common factor of d and 48?
12
Let i be (-6 + 1 + 2)*-4. Suppose -550 = -3*d + 2*p, 5*p = 5*d + 22 - 947. Suppose -4*q - q = -d. What is the greatest common factor of i and q?
12
Let b be 24/(0 + 1) - 0. Let f(a) = 121*a**2 - 1. Let l be f(1). What is the greatest common divisor of b and l?
24
Let p(l) = 3*l**3 - l**2 - 4*l + 3. Let t be p(2). Suppose 240 = u + u. Suppose 2*f + u = 4*f. Calculate the greatest common divisor of t and f.
15
Let r be (-18)/21*(8 + -1). Let n(j) = -j**3 - 6*j**2 + 8. Let z be n(r). What is the highest common divisor of 48 and z?
8
Let s be 228/14 - 10/35. Calculate the highest common factor of 48 and s.
16
Suppose 3*y = 5 + 25. Let p = 46 + -26. Suppose -p + 0 = -4*a. Calculate the highest common factor of y and a.
5
Suppose 5*d + 108 = 8*d. What is the greatest common factor of 4 and d?
4
Let t be 1*(2 - (-1 + -4)). Suppose 3 = -4*d + t. What is the highest common divisor of 8 and d?
1
Let v be 2/5 + 33/5. Let l(h) = -h + v*h - 3*h + 2. Let z be l(4). Calculate the highest common factor of 7 and z.
7
Let t = 90 + -60. Let n = 277 + -262. Calculate the greatest common factor of n and t.
15
Suppose 297 = -29*m + 30*m. What is the highest common divisor of 27 and m?
27
Let q be 1/(0 + (-4)/(-20)). Suppose -g - 32 = -q*g. Calculate the greatest common factor of g and 8.
8
Let m be 1/5 + 299/5. Let p(o) = o**3 - 2*o**2 - 2. Let i be p(2). Let v be 9 + (i - 10/(-2)). What is the highest common factor of m and v?
12
Let x = -5 - -5. Suppose x = 2*h - 6*h + 420. What is the highest common factor of 42 and h?
21
Let t be 4/(-22) + 204/33. Let m = 2 + 0. What is the greatest common divisor of m and t?
2
Suppose -3*m - 5*i = -22, m = 2*m + i - 10. Let j be -1 + -1 + (31 - 1). What is the greatest common divisor of j and m?
14
Suppose 4*g - 51 = g - 3*b, 2*b = 4*g - 44. Suppose 520 = 5*o - 0*o. What is the highest common factor of g and o?
13
Let y(n) = 2*n**3 - 4*n**2 + n + 2. Let a be y(2). Let k be -1 - -9 - (-7 + a). Calculate the greatest common divisor of k and 44.
11
Suppose -a - 5 = -0*a + 5*h, 2*h = 3*a - 70. Let o = 8 + -3. Calculate the highest common factor of a and o.
5
Let h(g) = g**3 + 6*g**2 + 4. Let n be h(-6). Calculate the greatest common divisor of 4 and n.
4
Suppose -4*a = a - 90. Suppose -5*k = j - 61, 4*j - k - 129 = 2*k. What is the greatest common factor of a and j?
18
Suppose 8*h - 170 = 3*h. Calculate the greatest common factor of 34 and h.
34
Let n = -26 + 16. Let m be 13 + n + 1 + 12. Calculate the highest common divisor of m and 4.
4
Suppose 6*q - q - 25 = 0. Suppose o = -3*h + 26, -4*h + q*o + 4 = -56. What is the greatest common divisor of 2 and h?
2
Let q(y) = 3*y**2 + 7*y - 1. Let k(d) = -2*d**2 - 8*d + 1. Let m(x) = 6*k(x) + 7*q(x). Let b be m(1). What is the greatest common factor of b and 63?
9
Let r = 0 + 3. Calculate the highest common factor of r and 24.
3
Let h = -86 - -119. What is the highest common factor of h and 6?
3
Suppose -2*h + 0 + 48 = 0. What is the greatest common divisor of h and 3?
3
Suppose 24*y - 186 - 102 = 0. Suppose 2*r - r - 96 = 0. Calculate the greatest common factor of y and r.
12
Suppose -z = 2*z + 8856. Let c be 4/(-10) + z/(-30). Calculate the greatest common factor of 14 and c.
14
Let k(y) = -42*y. Let w be -2 - (-1 - 1 - -3). Let c be k(w). Let m be ((-48)/28)/(2/(-21)). What is the highest common divisor of m and c?
18
Let y be -21*(36/7)/(-6). Calculate the highest common divisor of y and 180.
18
Let l(j) = 2*j**3 - 2*j**2 + 4*j - 3. Let z be l(2). Suppose m = c - 0*c + 5, m + 3*c = z. Let k = m + -5. What is the greatest common factor of k and 2?
2
Suppose 7*v = 10*v - 126. What is the highest common factor of 462 and v?
42
Let v = 371 - 251. What is the highest common divisor of v and 15?
15
Let l be (-1)/2 + (-95)/(-2). Suppose l = a - 37. What is the highest common factor of 12 and a?
12
Let s(w) = -w**3 + w**2 + 1. Let a be s(2). Let c(q) = q**3 + 4*q**2 + 3. Let k be c(a). What is the highest common factor of 60 and k?
12
Let q(u) = 12*u. Let f be q(-3). Suppose 126 = -5*o + 2*j, -5*o + 4*j - 60 = 62. Let a = o - f. Calculate the greatest common factor of a and 60.
10
Let m(p) = 20*p**2 - 7*p - 6. Let g be m(4). Calculate the highest common factor of g and 22.
22
Let w = -8 - -17. What is the highest common divisor of w and 45?
9
Let i be 2/(-1) - (-3 + (0 - 33)). Calculate the highest common factor of 34 and i.
34
Let a be 42/((-2)/(-5) - 10/(-100)). Calculate the highest common factor of 14 and a.
14
Suppose 0 = 4*l + b - 183, b = -l - 3*b + 27. Suppose -7*n = -3*n + 4*s - 16, -5*n + l = -4*s. Calculate the highest common divisor of n and 14.
7
Suppose -17*u + 131 = -566. Calculate the greatest common divisor of 164 and u.
41
Let v = 24 + -13. Let m = -14 + 25